 -48*p**3 - 4*p**2 + 3*p + 1. What is o(1)?
-48
Let p(b) = 710*b - 9204. What is p(13)?
26
Let t(h) = 2*h**2 + 170*h - 50. Calculate t(-84).
-218
Let w(o) = o**3 - 9*o**2 - 33*o - 32. Determine w(12).
4
Let s(h) = 147*h + 140. Give s(-1).
-7
Let h(l) = 423*l - 9759. Determine h(23).
-30
Let h(n) = -74*n - 220. What is h(-4)?
76
Let i(o) = o**3 + 19*o**2 - 22*o - 36. Give i(-20).
4
Let r(x) = 10*x**2 + x - 123. Give r(7).
374
Let u(d) = 44*d**2 - 41*d - 2. Calculate u(4).
538
Let j(g) = g**3 - 103*g**2 + 12*g - 1284. Determine j(103).
-48
Let w(i) = 2*i**3 + 59*i**2 + 88*i + 10. Determine w(-28).
-102
Let g(a) = 19707*a + 17. Give g(0).
17
Let w(i) = -i + 60. Determine w(-15).
75
Let l(y) = 59*y - 1230. Determine l(21).
9
Let d(t) = 2*t**3 + 48*t**2 + 52*t + 162. Determine d(-23).
24
Let o(r) = 29*r - 1091. Determine o(34).
-105
Let o(v) = -v**3 + 2*v**2 - 123*v + 1048. Determine o(7).
-58
Let a(q) = -2*q**3 + 132*q**2 + 276*q - 231. What is a(68)?
41
Let a(h) = h**3 + 20*h**2 + 3*h + 83. What is a(-20)?
23
Let y(p) = 14*p - 208. Calculate y(10).
-68
Let c(w) = 12*w**3 - 1574*w**2 + 259*w + 395. Calculate c(131).
2
Let w(d) = -389*d - 5031. Determine w(-13).
26
Let a(z) = -z**3 + 31*z**2 - 111*z + 2235. Determine a(30).
-195
Let j(g) = -68*g + 5658. Determine j(83).
14
Let n(g) = 35*g + 757. Give n(-22).
-13
Let a(k) = 132*k - 708. Give a(5).
-48
Let l(z) = -1754*z - 3519. Give l(-2).
-11
Let g(l) = 6*l + 456. Give g(-58).
108
Let o(f) = -f**3 - 55*f**2 + 7. Give o(-55).
7
Let l(b) = -59*b + 383. Give l(2).
265
Let l(r) = -r**3 + 12*r**2 - 43*r + 42. Give l(8).
-46
Let k(d) = -3*d**3 + 79*d**2 + 138*d + 39. Calculate k(28).
-17
Let t(p) = p**2 + 283*p - 2339. Give t(8).
-11
Let i(g) = -2*g**3 + 5*g**2 + 38*g - 6. Give i(6).
-30
Let d(y) = 24*y - 127. Give d(-5).
-247
Let x(j) = -j**2 - 3*j + 238. Calculate x(-18).
-32
Let d(s) = -s**2 - 34*s + 113. Determine d(-38).
-39
Let w(c) = -46*c - 1640. Determine w(-21).
-674
Let j(l) = 86*l - 1421. Give j(17).
41
Let a(j) = -102*j**2 + 708*j + 38. Give a(7).
-4
Let c(m) = -2*m**3 + 8*m**2 + 13*m - 14. Calculate c(5).
1
Let h(g) = 51*g + 449. Give h(-9).
-10
Let d(k) = -2*k**3 + 18*k**2 + 11*k - 219. Give d(8).
-3
Let w(o) = -4*o**3 - 6*o**2 + 5*o + 35. Calculate w(-4).
175
Let a(k) = -20*k + 209. Calculate a(10).
9
Let r(s) = -5*s**3 + 69*s**2 + 26*s - 184. What is r(14)?
-16
Let p(o) = 3*o**2 - 105*o + 204. Calculate p(33).
6
Let b(h) = h**3 - 15*h**2 - 19*h + 58. Calculate b(17).
313
Let b(c) = -2*c**3 - 37*c**2 - 68*c - 35. Determine b(-15).
-590
Let l(k) = 21*k - 713. What is l(34)?
1
Let f(z) = -2*z**3 + 74*z**2 - 141*z + 47. What is f(35)?
12
Let p(d) = 259*d - 1029. Give p(4).
7
Let c(q) = 767*q + 9976. Calculate c(-13).
5
Let g(z) = z**3 + 12*z**2 + 32*z - 14. Determine g(-5).
1
Let y(a) = a**3 - 11*a**2 - 9*a + 9. Calculate y(10).
-181
Let q(l) = 90*l + 813. Calculate q(-9).
3
Let h(y) = 2*y**3 - 5*y**2 + 30*y - 85. Give h(3).
14
Let x(c) = 2*c**2 + 19*c - 724. Calculate x(15).
11
Let m(n) = 582*n - 6988. Determine m(12).
-4
Let c(d) = -129*d - 534. What is c(-4)?
-18
Let a(z) = 23*z - 101. Determine a(2).
-55
Let o(t) = -19*t**2 + 2248*t - 724. What is o(118)?
-16
Let g(l) = l**2 + 23*l - 163. What is g(6)?
11
Let c(y) = 2*y**3 + 49*y**2 + 106*y - 98. What is c(-22)?
-10
Let g(f) = 1064*f + 6593. Calculate g(-6).
209
Let g(b) = 55*b**2 - 9*b - 6. Calculate g(-1).
58
Let b(z) = 2*z**2 - 6177*z - 18541. Calculate b(-3).
8
Let w(x) = -123*x - 203. Give w(-2).
43
Let a(w) = 15*w + 403. What is a(-18)?
133
Let t(r) = 10*r**2 + 119*r + 24. Calculate t(-9).
-237
Let a(y) = -1581*y + 56928. Give a(36).
12
Let q(u) = -23*u - 1820. Give q(-79).
-3
Let o(d) = -6*d**3 + 2*d**2 + 2*d - 1. Determine o(-3).
173
Let r(g) = g**3 + 24*g**2 - 26*g - 57. Give r(-25).
-32
Let w(z) = 2*z**2 - 74*z + 670. Calculate w(15).
10
Let f(s) = -18*s**2 + 921*s - 159. What is f(51)?
-6
Let m(r) = 8*r**2 + 23*r - 135. What is m(3)?
6
Let r(y) = 63*y**3 - 497*y**2 - 56*y - 3. Give r(8).
-3
Let g(o) = -1812*o + 79733. Calculate g(44).
5
Let g(q) = -253*q - 19. What is g(0)?
-19
Let c(l) = -7*l - 41. Give c(-12).
43
Let i(g) = 4*g**3 - 42*g**2 - 32*g + 55. Determine i(11).
-55
Let r(v) = -69*v - 1187. Give r(-18).
55
Let q(w) = 266*w + 1348. What is q(-6)?
-248
Let w(c) = c**2 + 37*c - 1037. Determine w(-59).
261
Let h(o) = 7*o**2 + 540*o + 80. Determine h(-77).
3
Let w(d) = -d**3 + d**2 + d - 56. Calculate w(0).
-56
Let h(d) = d**2 - 375*d - 35333. Calculate h(-78).
1
Let q(o) = -14*o**3 + 4*o**2 + 3*o + 4. Give q(-2).
126
Let v(d) = d**3 - 43*d**2 + 87*d - 199. Calculate v(41).
6
Let q(d) = 29*d - 10. Give q(8).
222
Let v(a) = -5*a**2 - 3*a - 7. Calculate v(2).
-33
Let m(h) = -h**3 - 37*h**2 - 32*h + 122. Determine m(-36).
-22
Let x(n) = n**2 + 92*n + 1964. Determine x(-58).
-8
Let l(z) = -z**2 - 63*z - 121. Give l(-61).
1
Let q(g) = -g**3 - 2*g**2 + 17*g + 29. Calculate q(4).
1
Let b(j) = -16*j + 21. Determine b(-4).
85
Let v(l) = 8*l**2 - 224*l + 5. What is v(28)?
5
Let p(r) = 608*r - 3064. Give p(5).
-24
Let t(l) = -l**3 - 28*l**2 - 98*l - 15. What is t(-24)?
33
Let t(f) = f**2 - 10*f + 9. Give t(13).
48
Let g(a) = -6*a**2 - a + 25. Calculate g(-2).
3
Let b(t) = t**3 - 7*t**2 + 39*t + 1. Calculate b(0).
1
Let q(u) = -u**3 + 52*u**2 - 73*u + 1122. Determine q(51).
0
Let j(m) = 75*m - 368. Determine j(7).
157
Let h(d) = d**2 - 21*d + 43. Give h(20).
23
Let o(b) = 29*b**2 - 1301*b - 145. Give o(45).
35
Let f(l) = 266*l + 23. What is f(0)?
23
Let d(r) = -25*r**2 + 372*r + 370. Determine d(-1).
-27
Let w(b) = b**3 - 28*b**2 + 20*b + 28. Calculate w(27).
-161
Let p(i) = 24*i**2 - 298*i + 134. Determine p(12).
14
Let o(v) = -4*v**2 + 322*v + 8. Give o(81).
-154
Let a(b) = b**3 - 32*b**2 + 86*b + 15. Give a(29).
-14
Let b(f) = f**2 + 317*f - 28. What is b(0)?
-28
Let h(k) = -3*k**3 + 35*k**2 - 96*k - 1. Give h(3).
-55
Let l(r) = -77*r**2 + 115*r - 2. Calculate l(3).
-350
Let m(v) = -6*v**3 + 2*v**2 + 6. Give m(3).
-138
Let c(q) = -284*q - 5. Determine c(1).
-289
Let y(f) = f**3 + 18*f**2 - 38*f - 40. Calculate y(-21).
-565
Let w(y) = 1610*y + 22549. Give w(-14).
9
Let c(u) = u**3 - 32*u**2 + 159*u + 68. Calculate c(26).
146
Let a(w) = -4304*w - 215208. What is a(-50)?
-8
Let v(c) = 753*c + 8292. Determine v(-11).
9
Let r(o) = 185*o - 12371. Calculate r(67).
24
Let c(a) = a**3 - 16*a**2 + 10*a + 47. Determine c(15).
-28
Let j(f) = 92*f**2 - 372*f + 3. Calculate j(4).
-13
Let k(s) = s**3 + 2*s**2 - 5*s + 202. Calculate k(0).
202
Let u(d) = d**3 - 27*d**2 + 77*d + 54. Calculate u(23).
-291
Let k(a) = a**2 + 19*a - 118. Determine k(-25).
32
Let d(v) = -51*v + 1124. What is d(14)?
410
Let a(o) = -o**3 - 22*o**2 - 25*o - 141. Give a(-21).
-57
Let v(g) = g**2 + 98*g + 1032. Give v(-14).
-144
Let s(t) = 360*t + 12252. Give s(-34).
12
Let g(f) = f**3 - 26*f**2 - 435*f + 16. Give g(-12).
-236
Let w(b) = 12*b**3 + 2*b**2 + 3*b + 462. What is w(0)?
462
Let i(p) = 3*p + 93. Give i(9).
120
Let u(h) = 74*h - 7178. Determine u(97).
0
Let d(f) = 98*f**3 - 6*f**2 + 11*f + 28. What is d(-2)?
-802
Let m(b) = 95*b + 40. Calculate m(-2).
-150
Let r(y) = -y**3 + 10*y**2 + 14*y - 54. Determine r(11).
-21
Let y(c) = -1085*c - 1246. Determine y(-1).
-161
Let u(h) = -h**2 + 64*h - 1018. Determine u(30).
2
Let d(n) = -n**2 - 70*n + 1586. What is d(18)?
2
Let u(w) = 21*w - 881. What is u(43)?
22
Let w(s) = 280*s - 16. Give w(0).
-16
Let h(v) = 2*v**3 - 21*v**2 + 12*v + 12. Calculate h(10).
32
Let w(k) = 141*k - 151. Give w(1).
-10
Let l(p) = -p**3 - 100*p**2 + 528*p - 19. Determine l(5).
-4
Let q(r) = -203*r - 6282. What is q(-31)?
11
Let u(c) = 5*c - 81. Calculate u(6).
-51
Let g(p) = -2*p**3 + 197*p**2 - 295*p + 386. Give g(97).
-2
Let i(p) = p - 48. Determine i(3).
-45
Let z(u) = -10*u + 751. Calculate z(75).
1
Let w(r) = -2*r**3 - 4*r**2 + 24*r + 37. Calculate w(0).
37
Let z(u) = -65*u - 15. Determine z(-4).
245
Let d(c) = c**3 - 44*c**2 + 45*c - 107. Give d(43).
-21
Let d(x) = x**2 - 5*x - 1080. Calculate d(46).
806
Let s(j) = j**2 - 31*j - 30. Determine s(14).
-268
Let w(g) = -g**3 - 5*g**2 - 11*g - 19. Calculate w(8).
-939
Let i(u) = 334*u**3 - 6*u**2 - 4*u + 3. Determine i(-1).
-333
Let o(t) = -t**2 + 4*t + 391. Determine o(22).
-5
Let s(b) = b**